{"id":335,"date":"2019-04-03T08:42:33","date_gmt":"2019-04-03T08:42:33","guid":{"rendered":"https:\/\/www.matheishof-ruhpolding.de\/?page_id=335"},"modified":"2026-04-16T09:28:53","modified_gmt":"2026-04-16T09:28:53","slug":"ferienhaus-zuhauserl","status":"publish","type":"page","link":"https:\/\/www.matheishof-ruhpolding.de\/index.php\/ferienhaus-zuhauserl\/","title":{"rendered":"Ferienwohnung \u201cZuh\u00e4userl\u201d"},"content":{"rendered":"\n<p><\/p>\n\n\n<div class=\"wp-block-image\">\n<figure class=\"alignright is-resized\"><img decoding=\"async\" loading=\"lazy\" src=\"https:\/\/www.matheishof-ruhpolding.de\/wp-content\/uploads\/2019\/06\/DSCN2262-2-1024x768.jpg\" alt class=\"wp-image-432\" width=\"365\" height=\"274\" srcset=\"https:\/\/www.matheishof-ruhpolding.de\/wp-content\/uploads\/2019\/06\/DSCN2262-2-1024x768.jpg 1024w, https:\/\/www.matheishof-ruhpolding.de\/wp-content\/uploads\/2019\/06\/DSCN2262-2-300x225.jpg 300w, https:\/\/www.matheishof-ruhpolding.de\/wp-content\/uploads\/2019\/06\/DSCN2262-2-768x576.jpg 768w, https:\/\/www.matheishof-ruhpolding.de\/wp-content\/uploads\/2019\/06\/DSCN2262-2.jpg 1632w\" sizes=\"(max-width: 365px) 100vw, 365px\"><\/figure><\/div>\n\n\n<p><strong><em>Ein H\u00e4userl f\u00fcr sich ganz alleine!<\/em><\/strong><\/p>\n\n\n\n<p>Auf 110m\u00b2 gibt es gen\u00fc\u00adgend Platz f\u00fcr sie und ihre Fam\u00adi\u00adlie! Ein run\u00addum gro\u00dfer Balkon und eine eigene Terasse geh\u00f6rt zum Zuh\u00e4userl dazu. Von jed\u00ader Seite hat man einen anderen Blick auf die Berge und Umge\u00adbung. Von der Terasse aus, kann man den K\u00e4l\u00adbern zuschauen. Die Terasse hat eine Markise und eine gro\u00dfe Sitzecke zum Kaf\u00adfee trinken und vielle\u00adicht gibts abends W\u00fcrs\u00adtel vom&nbsp;Grill?<\/p>\n\n\n\n<div class=\"wp-block-group is-layout-constrained\"><div class=\"wp-block-group__inner-container\">\n<div class=\"wp-block-columns is-layout-flex wp-container-6\">\n<div class=\"wp-block-column is-layout-flow\" style=\"flex-basis:100%\">\n<div class=\"wp-block-columns are-vertically-aligned-center is-layout-flex wp-container-4\">\n<div class=\"wp-block-column is-vertically-aligned-center is-layout-flow\" style=\"flex-basis:25%\">\n<figure class=\"wp-block-image size-large\"><img decoding=\"async\" loading=\"lazy\" width=\"1024\" height=\"768\" src=\"https:\/\/www.matheishof-ruhpolding.de\/wp-content\/uploads\/2024\/07\/WohnzZuhaus2024-1-1024x768.jpg\" alt class=\"wp-image-715\" srcset=\"https:\/\/www.matheishof-ruhpolding.de\/wp-content\/uploads\/2024\/07\/WohnzZuhaus2024-1-1024x768.jpg 1024w, https:\/\/www.matheishof-ruhpolding.de\/wp-content\/uploads\/2024\/07\/WohnzZuhaus2024-1-300x225.jpg 300w, https:\/\/www.matheishof-ruhpolding.de\/wp-content\/uploads\/2024\/07\/WohnzZuhaus2024-1-768x576.jpg 768w, https:\/\/www.matheishof-ruhpolding.de\/wp-content\/uploads\/2024\/07\/WohnzZuhaus2024-1-1536x1152.jpg 1536w, https:\/\/www.matheishof-ruhpolding.de\/wp-content\/uploads\/2024\/07\/WohnzZuhaus2024-1-2048x1536.jpg 2048w\" sizes=\"(max-width: 1024px) 100vw, 1024px\"><\/figure>\n<\/div>\n\n\n\n<div class=\"wp-block-column is-vertically-aligned-center is-layout-flow\" style=\"flex-basis:50%\">\n<figure class=\"wp-block-image size-large\"><img decoding=\"async\" loading=\"lazy\" width=\"1024\" height=\"768\" src=\"https:\/\/www.matheishof-ruhpolding.de\/wp-content\/uploads\/2024\/07\/WohnzZuhausFernseher2024-1024x768.jpg\" alt class=\"wp-image-716\" srcset=\"https:\/\/www.matheishof-ruhpolding.de\/wp-content\/uploads\/2024\/07\/WohnzZuhausFernseher2024-1024x768.jpg 1024w, https:\/\/www.matheishof-ruhpolding.de\/wp-content\/uploads\/2024\/07\/WohnzZuhausFernseher2024-300x225.jpg 300w, https:\/\/www.matheishof-ruhpolding.de\/wp-content\/uploads\/2024\/07\/WohnzZuhausFernseher2024-768x576.jpg 768w, https:\/\/www.matheishof-ruhpolding.de\/wp-content\/uploads\/2024\/07\/WohnzZuhausFernseher2024-1536x1152.jpg 1536w, https:\/\/www.matheishof-ruhpolding.de\/wp-content\/uploads\/2024\/07\/WohnzZuhausFernseher2024-2048x1536.jpg 2048w\" sizes=\"(max-width: 1024px) 100vw, 1024px\"><\/figure>\n<\/div>\n\n\n\n<div class=\"wp-block-column is-vertically-aligned-center is-layout-flow\" style=\"flex-basis:25%\">\n<figure class=\"wp-block-image size-large\"><img decoding=\"async\" loading=\"lazy\" width=\"1024\" height=\"722\" src=\"https:\/\/www.matheishof-ruhpolding.de\/wp-content\/uploads\/2024\/07\/WohnzZuhausOfen2024-1024x722.jpg\" alt class=\"wp-image-717\" srcset=\"https:\/\/www.matheishof-ruhpolding.de\/wp-content\/uploads\/2024\/07\/WohnzZuhausOfen2024-1024x722.jpg 1024w, https:\/\/www.matheishof-ruhpolding.de\/wp-content\/uploads\/2024\/07\/WohnzZuhausOfen2024-300x211.jpg 300w, https:\/\/www.matheishof-ruhpolding.de\/wp-content\/uploads\/2024\/07\/WohnzZuhausOfen2024-768x541.jpg 768w, https:\/\/www.matheishof-ruhpolding.de\/wp-content\/uploads\/2024\/07\/WohnzZuhausOfen2024-1536x1082.jpg 1536w, https:\/\/www.matheishof-ruhpolding.de\/wp-content\/uploads\/2024\/07\/WohnzZuhausOfen2024-2048x1443.jpg 2048w\" sizes=\"(max-width: 1024px) 100vw, 1024px\"><\/figure>\n<\/div>\n<\/div>\n<\/div>\n<\/div>\n<\/div><\/div>\n\n\n\n<p>Im Wohnz\u00adim\u00admer haben sie und ihre Fam\u00adi\u00adlie auf der Couch einen sch\u00f6\u00adnen Platz vor dem Kaminofen. Der Fernse\u00adher, Spiele\u00adsamm\u00adlung, Infomappe und die Kuscheldecke sind im Eckschrank versteckt.&nbsp;<\/p>\n\n\n<div class=\"wp-block-image\">\n<figure class=\"alignright size-large is-resized\"><img decoding=\"async\" loading=\"lazy\" src=\"https:\/\/www.matheishof-ruhpolding.de\/wp-content\/uploads\/2020\/12\/01_IMG_20200506_144322-2.jpg\" alt class=\"wp-image-486\" width=\"402\" height=\"301\" srcset=\"https:\/\/www.matheishof-ruhpolding.de\/wp-content\/uploads\/2020\/12\/01_IMG_20200506_144322-2.jpg 800w, https:\/\/www.matheishof-ruhpolding.de\/wp-content\/uploads\/2020\/12\/01_IMG_20200506_144322-2-300x225.jpg 300w, https:\/\/www.matheishof-ruhpolding.de\/wp-content\/uploads\/2020\/12\/01_IMG_20200506_144322-2-768x576.jpg 768w\" sizes=\"(max-width: 402px) 100vw, 402px\"><\/figure><\/div>\n\n\n<p>                                                                                   Die K\u00fcche ist nebe\u00adnan, und mit einem Guck\u00aderl zum Wohnz\u00adim\u00admer hin ver\u00adbun\u00adden.  Zus\u00e4t\u00adzlich zu den \u00fcblichen K\u00fcchenuten\u00adsilien find\u00aden sie eine Sp\u00fcl\u00admas\u00adchine, eine Mikrow\u00adelle, Geschirrt\u00fcch\u00ader, \u2026 und was man zum Kochen eben braucht. Den neuen Tisch kann man ausziehen. So haben alle gen\u00fc\u00adgend&nbsp;Platz.<\/p>\n\n\n<div class=\"wp-block-image\">\n<figure class=\"alignleft is-resized\"><img decoding=\"async\" loading=\"lazy\" src=\"https:\/\/www.matheishof-ruhpolding.de\/wp-content\/uploads\/2019\/05\/DSCN2252-768x1024.jpg\" alt class=\"wp-image-383\" width=\"202\" height=\"269\" srcset=\"https:\/\/www.matheishof-ruhpolding.de\/wp-content\/uploads\/2019\/05\/DSCN2252-768x1024.jpg 768w, https:\/\/www.matheishof-ruhpolding.de\/wp-content\/uploads\/2019\/05\/DSCN2252-225x300.jpg 225w, https:\/\/www.matheishof-ruhpolding.de\/wp-content\/uploads\/2019\/05\/DSCN2252.jpg 1368w\" sizes=\"(max-width: 202px) 100vw, 202px\"><\/figure><\/div>\n\n\n<p><\/p>\n\n\n\n<p>Das Bad wurde ganz neu gemacht. Es hat eine Fu\u00df\u00adbo\u00adden\u00adheizung  und eine bege\u00adhbare Regen\u00addusche. Auch der F\u00f6hn wartet  auf seinen Ein\u00adsatz!  Das <span class=\"caps\">WC<\/span> ist nebe\u00adnan separat.<\/p>\n\n\n\n<p><\/p>\n\n\n\n<p><\/p>\n\n\n\n<p><\/p>\n\n\n<div class=\"wp-block-image\">\n<figure class=\"alignright size-large is-resized\"><img decoding=\"async\" loading=\"lazy\" src=\"https:\/\/www.matheishof-ruhpolding.de\/wp-content\/uploads\/2024\/07\/SchlafzZuhausB2024-1024x768.jpg\" alt class=\"wp-image-720\" width=\"376\" height=\"281\" srcset=\"https:\/\/www.matheishof-ruhpolding.de\/wp-content\/uploads\/2024\/07\/SchlafzZuhausB2024-1024x768.jpg 1024w, https:\/\/www.matheishof-ruhpolding.de\/wp-content\/uploads\/2024\/07\/SchlafzZuhausB2024-300x225.jpg 300w, https:\/\/www.matheishof-ruhpolding.de\/wp-content\/uploads\/2024\/07\/SchlafzZuhausB2024-768x576.jpg 768w, https:\/\/www.matheishof-ruhpolding.de\/wp-content\/uploads\/2024\/07\/SchlafzZuhausB2024-1536x1152.jpg 1536w, https:\/\/www.matheishof-ruhpolding.de\/wp-content\/uploads\/2024\/07\/SchlafzZuhausB2024-2048x1536.jpg 2048w\" sizes=\"(max-width: 376px) 100vw, 376px\"><\/figure><\/div>\n\n\n<p><\/p>\n\n\n\n<p>Im Eltern\u00adschlafz\u00adim\u00admer ist f\u00fcr ein Zustell\u00adbett oder Kinder\u00adbet\u00adterl auch noch Platz, und gen\u00fc\u00adgend Stau\u00adraum bietet es sowieso! Auch hier sind Fen\u00adster\u00adl\u00e4\u00adden und eine Fliegengittert\u00fcre.&nbsp;<\/p>\n\n\n\n<p><\/p>\n\n\n\n<p><\/p>\n\n\n<div class=\"wp-block-image\">\n<figure class=\"alignleft is-resized\"><img decoding=\"async\" loading=\"lazy\" src=\"https:\/\/www.matheishof-ruhpolding.de\/wp-content\/uploads\/2019\/06\/DSCN2264-1024x768.jpg\" alt class=\"wp-image-430\" width=\"387\" height=\"290\" srcset=\"https:\/\/www.matheishof-ruhpolding.de\/wp-content\/uploads\/2019\/06\/DSCN2264-1024x768.jpg 1024w, https:\/\/www.matheishof-ruhpolding.de\/wp-content\/uploads\/2019\/06\/DSCN2264-300x225.jpg 300w, https:\/\/www.matheishof-ruhpolding.de\/wp-content\/uploads\/2019\/06\/DSCN2264-768x576.jpg 768w, https:\/\/www.matheishof-ruhpolding.de\/wp-content\/uploads\/2019\/06\/DSCN2264.jpg 1632w\" sizes=\"(max-width: 387px) 100vw, 387px\"><\/figure><\/div>\n\n\n<p><\/p>\n\n\n\n<p>Im  zweit\u00aden Schlafz\u00adim\u00admer das Kinderz\u00adim\u00admer mit 2 Einzel\u00adbet\u00adten, ist der Boden mit neuem Holzdie\u00adlen aus\u00adgelegt. Mit den Fen\u00adster\u00adl\u00e4\u00adden kann man auch hier gut abdunkeln. Ein M\u00fccken\u00adnetz ist auch&nbsp;da.<\/p>\n\n\n\n<p><\/p>\n\n\n\n<p><\/p>\n\n\n\n<p><strong>Wenn sie mehr Platz brauchen:<\/strong> Im Zuh\u00e4userl ist im 1. Stock ein zus\u00e4t\u00adzlich\u00ades Schlafz\u00adim\u00admer. Das \u201cDachkam\u00admerl\u201d !   F\u00fcr gr\u00f6\u00dfere Kinder, Oma oder\u2026 Das gro\u00dfe Dachfester macht am Tag sch\u00f6n hell und f\u00fcr die Nacht kann man mit einem Ver\u00addunkelungsrol\u00adlo abdunkeln.  Oder Sie lassen auf um den Ster\u00adnen\u00adhim\u00admel zu betra\u00adcht\u00aden. Ein zus\u00e4t\u00adzlich\u00ader Fernse\u00adher ist hier in diesem Zim\u00admer zu find\u00aden.  Im Fr\u00fch\u00adjahr hat unser Dachkam\u00admerl auch einen wis\u00adchbaren Boden bekom\u00admen. Foto&nbsp;folgt!&nbsp;<\/p>\n\n\n\n<p><\/p>\n\n\n<div class=\"wp-block-image\">\n<figure class=\"alignleft is-resized\"><img decoding=\"async\" loading=\"lazy\" src=\"https:\/\/www.matheishof-ruhpolding.de\/wp-content\/uploads\/2019\/06\/DSCN2281-1024x768.jpg\" alt class=\"wp-image-431\" width=\"446\" height=\"335\" srcset=\"https:\/\/www.matheishof-ruhpolding.de\/wp-content\/uploads\/2019\/06\/DSCN2281-1024x768.jpg 1024w, https:\/\/www.matheishof-ruhpolding.de\/wp-content\/uploads\/2019\/06\/DSCN2281-300x225.jpg 300w, https:\/\/www.matheishof-ruhpolding.de\/wp-content\/uploads\/2019\/06\/DSCN2281-768x576.jpg 768w, https:\/\/www.matheishof-ruhpolding.de\/wp-content\/uploads\/2019\/06\/DSCN2281.jpg 1632w\" sizes=\"(max-width: 446px) 100vw, 446px\"><\/figure><\/div>\n\n\n<p><\/p>\n\n\n\n<p><\/p>\n\n\n\n<p><\/p>\n\n\n\n<p><\/p>\n\n\n\n<p><\/p>\n\n\n\n<figure class=\"wp-block-image size-large is-resized\"><img decoding=\"async\" loading=\"lazy\" src=\"https:\/\/www.matheishof-ruhpolding.de\/wp-content\/uploads\/2026\/04\/GrundrissZuhaeuserl-1024x768.jpg\" alt class=\"wp-image-826\" width=\"248\" height=\"185\" srcset=\"https:\/\/www.matheishof-ruhpolding.de\/wp-content\/uploads\/2026\/04\/GrundrissZuhaeuserl-1024x768.jpg 1024w, https:\/\/www.matheishof-ruhpolding.de\/wp-content\/uploads\/2026\/04\/GrundrissZuhaeuserl-300x225.jpg 300w, https:\/\/www.matheishof-ruhpolding.de\/wp-content\/uploads\/2026\/04\/GrundrissZuhaeuserl-768x576.jpg 768w, https:\/\/www.matheishof-ruhpolding.de\/wp-content\/uploads\/2026\/04\/GrundrissZuhaeuserl-1536x1152.jpg 1536w, https:\/\/www.matheishof-ruhpolding.de\/wp-content\/uploads\/2026\/04\/GrundrissZuhaeuserl-2048x1536.jpg 2048w\" sizes=\"(max-width: 248px) 100vw, 248px\"><figcaption class=\"wp-element-caption\">Grun\u00addriss vom Erdgescho\u00df der Woh\u00adnung \u201cZuh\u00e4userl\u201d<\/figcaption><\/figure>\n\n\n\n<p><\/p>\n\n\n\n<p><strong>Preise<\/strong>:<\/p>\n\n\n\n<p>2 Per\u00adso\u00adn\u00aden 120\u2013130\u20ac,   3 Per\u00adso\u00adn\u00aden 130\u2013140\u20ac,  4 Per\u00adso\u00adn\u00aden 140\u2013150\u20ac ,                              5 Per\u00adso\u00adn\u00aden 150\u2013160\u20ac,   6 Per\u00adso\u00adn\u00aden 160\u2013170\u20ac       (Der Kurbeitrag kommt noch&nbsp;dazu)<\/p>\n\n\n\n<p><strong>Im Preis dabei<\/strong>: Wlan, die Chiem\u00adgau Karte,  Bet\u00adten sind bezo\u00adgen, Handt\u00fcch\u00ader (ein Hand und Duschtuch pro Per\u00adson), Geschirrt\u00fcch\u00ader, Park\u00adplatz, Endreini\u00adgung, Heizung, Strom,\u2026 <br><strong>Kosen\u00adlose Stornierung bis 30 Tage vor Anreise,<\/strong> danach 90 % Stornierungs\u00adge\u00adb\u00fchr (Wenn Weit\u00ader\u00adver\u00admi\u00adetung nicht m\u00f6glich) Reis\u00ader\u00fcck\u00adtrittsver\u00adsicherung bei Buchung empfohlen!<\/p>\n\n\n\n<p><strong>H<\/strong><a href=\"https:\/\/www.matheishof-ruhpolding.de\/index.php\/freimeldung\/\"><strong>ier geht es zu den Freimel\u00addun\u00adgen oder Online-Buchung&nbsp;<\/strong><\/a><\/p>\n\n\n\n<p>Oder schick\u00aden Sie Ihre Anfrage an <a href=\"mailto:matheishof@t-online.de\">mailto:matheishof@t\u2011online.de<\/a><\/p>\n","protected":false},"excerpt":{"rendered":"<p>Ein H\u00e4userl f\u00fcr sich ganz alleine! Auf 110m\u00b2 gibt es gen\u00fc\u00adgend Platz f\u00fcr sie und ihre Fam\u00adi\u00adlie! Ein run\u00addum gro\u00dfer Balkon und eine eigene Terasse geh\u00f6rt zum Zuh\u00e4userl dazu. Von jed\u00ader Seite hat man einen anderen Blick auf die Berge \u2026 <a href=\"https:\/\/www.matheishof-ruhpolding.de\/index.php\/ferienhaus-zuhauserl\/\">Weit\u00ader\u00adlesen <span class=\"meta-nav\">\u2192<\/span><\/a><\/p>\n","protected":false},"author":1,"featured_media":372,"parent":0,"menu_order":0,"comment_status":"closed","ping_status":"closed","template":"","meta":{"wp_typography_post_enhancements_disabled":false},"_links":{"self":[{"href":"https:\/\/www.matheishof-ruhpolding.de\/index.php\/wp-json\/wp\/v2\/pages\/335"}],"collection":[{"href":"https:\/\/www.matheishof-ruhpolding.de\/index.php\/wp-json\/wp\/v2\/pages"}],"about":[{"href":"https:\/\/www.matheishof-ruhpolding.de\/index.php\/wp-json\/wp\/v2\/types\/page"}],"author":[{"embeddable":true,"href":"https:\/\/www.matheishof-ruhpolding.de\/index.php\/wp-json\/wp\/v2\/users\/1"}],"replies":[{"embeddable":true,"href":"https:\/\/www.matheishof-ruhpolding.de\/index.php\/wp-json\/wp\/v2\/comments?post=335"}],"version-history":[{"count":45,"href":"https:\/\/www.matheishof-ruhpolding.de\/index.php\/wp-json\/wp\/v2\/pages\/335\/revisions"}],"predecessor-version":[{"id":827,"href":"https:\/\/www.matheishof-ruhpolding.de\/index.php\/wp-json\/wp\/v2\/pages\/335\/revisions\/827"}],"wp:featuredmedia":[{"embeddable":true,"href":"https:\/\/www.matheishof-ruhpolding.de\/index.php\/wp-json\/wp\/v2\/media\/372"}],"wp:attachment":[{"href":"https:\/\/www.matheishof-ruhpolding.de\/index.php\/wp-json\/wp\/v2\/media?parent=335"}],"curies":[{"name":"wp","href":"https:\/\/api.w.org\/{rel}","templated":true}]}}